 - 0
4
Calculate 3 - (0 - -1 - (-1 - -3)).
4
What is the value of -1 + -4 - (-5 + 0)?
0
Calculate -1 - 4 - (16 + -43 + 22).
0
Evaluate -11 + -12 + 12 - -8.
-3
What is -3 + (2 + 2 - 7)?
-6
Evaluate 14 - 12 - (-2 - -1) - -5.
8
What is -5 + -1 + 3 + (1 - -5)?
3
What is (1 - -1 - 0) + -7?
-5
Evaluate 11 - 7 - 2 - (3 + -7).
6
Calculate 1 - (5 - 8) - (11 + -2).
-5
Calculate -11 - -4 - -8 - -1.
2
Calculate (-1 - 9) + (-4 - (-9 - 0)).
-5
-6 - (8 + -18) - -4 - 7
1
-1 - (-5 - (7 + -14))
-3
What is 9 - (8 + -1 + 6)?
-4
-101 + 99 - (0 - 0)
-2
What is -1 - 1 - ((1 - -2) + -2)?
-3
Calculate 30 - 41 - (1 - 11).
-1
Evaluate 16 + -5 + -17 + -2.
-8
-4 + 4 + -1 + 2
1
What is (3 - (-2 + 2)) + (-5 - -3)?
1
Evaluate 4 + 1 + -7 + (-3 - -4).
-1
What is the value of -1 + 13 + (-9 - -3)?
6
-1 + (-7 - -8) + 2
2
What is the value of 7 - (-1 - ((3 - -3) + -14))?
0
Calculate 3 - (2 - -3 - (0 + 4)).
2
5 + (2 + 1 + -5 - 2)
1
Calculate 0 + -2 - (50 + -45).
-7
What is 4 + (5 - 10 - 4)?
-5
What is the value of 9 - (13 + (-8 - -4))?
0
Calculate -4 + 1 + (2 - 4).
-5
Calculate 2 - (1 + -1 - (-14 - -14)).
2
Calculate -8 - (-1 + (0 - 3)).
-4
9 - (11 + -3 + -1 + -4)
6
Evaluate 4 - (0 - (7 - 11 - 3)).
-3
Evaluate 5 + -14 + 13 + -5.
-1
What is 6 + -8 + 4 + 2?
4
Evaluate 9 + -7 + 2 - 4.
0
What is -8 + 6 + (-2 + 1 - 3)?
-6
What is (21 - 10 - 14) + -5?
-8
What is -1 + -4 - -2 - (12 + -8)?
-7
What is the value of -4 - (0 - 6 - -1)?
1
(-8 - -12 - 8) + 2
-2
What is (-5 - -2) + 1 + 5 - 1?
2
(18 - 13) + 0 + -1
4
What is the value of 10 - (-1 + 8 + 4 + -10)?
9
Calculate -4 - (3 - (3 + 0)).
-4
What is the value of -16 + (-17 - -36) - (1 - -1)?
1
Evaluate (-18 - -20) + (-2 - (-4 - 1)).
5
What is the value of (0 - (2 + -4)) + 16 + -15?
3
Evaluate -8 - ((5 - 1) + -7).
-5
What is the value of -10 - -10 - (-1 - 3)?
4
What is 9 + -1 + 37 + -41?
4
What is 6 - (3 + (2 - 2)) - 0?
3
Evaluate 7 + -4 - (2 + 1).
0
Evaluate 7 + (8 - (-3 + 19)).
-1
Calculate 0 + 7 - 1 - (25 + -19).
0
What is 4 + (-4 + (-5 - -8) - 4)?
-1
What is (13 - 15 - (-2 + -1)) + -4?
-3
What is 131 - 120 - (3 - 0)?
8
What is -1 - (2 + -1) - (1 - 2)?
-1
-8 + 6 - (-5 - -2)
1
Calculate 14 + -8 + 10 + -9.
7
What is -2 + 1 - -2 - -2?
3
Evaluate -5 - (1 + 1 - (74 - 64)).
3
What is the value of -6 + (6 - 1 - (2 - -3))?
-6
-4 - (9 + (-5 - -2) + -12)
2
What is -9 + (8 - 3 - (-6 + 8))?
-6
Evaluate (0 - -1) + (14 - 11) + -8.
-4
(3 - 9 - -14) + -3 + 0
5
What is -8 + 4 + 0 + 2 + 0?
-2
10 + -6 + -4 + (-2 - -1)
-1
-1 + -13 + 18 + -10
-6
Evaluate -2 + 1 + -3 + 2.
-2
Evaluate (0 - (5 + -2)) + 3 + -5.
-5
-4 + (-2 - -1) + 2
-3
Evaluate 0 + (0 - (2 + -4)) - 4.
-2
6 + -3 + -3 - (-1 + -4)
5
What is the value of -2 + 4 - 1 - 2 - 2?
-3
Calculate 9 + 0 + (-7 - -3).
5
-4 - (-1 - (-1 - 0 - -4))
0
What is the value of 3 + -2 + -3 + 7?
5
Evaluate -1 + 6 - 5 - -1.
1
What is 0 + (0 - -2 - 2) + 2?
2
Calculate 15 + 1 + 63 + -70.
9
Evaluate -1 + (-7 - -5) + 1 + 1.
-1
-18 - (-4 - 3) - -7
-4
Evaluate 14 + -12 + 4 + -15.
-9
Calculate 2 + 6 + -10 + 2 + 1.
1
Evaluate 5 - (7 - 2 - -1).
-1
What is the value of (-11 - -15) + -2 + 0 + 2?
4
Evaluate 7 - (-3 + 4) - (-1 + 4).
3
Evaluate (5 - (2 - -2)) + -4.
-3
What is -97 + 88 - (1 - 16)?
6
-3 + (-1 - 1 - (-13 - -3))
5
2 + (2 - 0 - 4) + -1
-1
Evaluate (-6 - (1 - -4)) + 9.
-2
Evaluate (-1 - -1) + -4 + 2.
-2
Calculate 4 + -1 + -2 + 0.
1
Evaluate -7 - (-7 - 6) - (-6 - -11).
1
Calculate (2 + 4 - (11 - 2)) + 7.
4
What is (5 - 12 - -8) + -1?
0
What is (-5 - 1) + 21 + 10 + -19?
6
Evaluate -1 + -1 + 12 + -13 - -11.
8
Calculate -4 - 6 - -17 - 3.
4
What is -6 - (8 - 5) - -4?
-5
What is the value of -1 - 1 - ((-3 - -1) + 3)?
-3
(4 - -2 - (-2 + 5)) + -7
-4
Calculate 6 - (4 + 3) - -6.
5
Calculate ((2 - 0) + -7 - 1) + 0.
-6
Evaluate 1 + 0 + -5 - (15 + -18).
-1
Evaluate (0 - 0) + -2 + -2 + 4.
0
Calculate 1 + -1 + 0 + 21 + -18.
3
Evaluate -6 + 10 - (-14 + 9 + 13).
-4
Evaluate (-12 - 0 - -11) + 3.
2
Evaluate 6 + 4 + -6 - -4 - 11.
-3
Evaluate -3 - (5 + -4 + 1).
-5
Calculate -14 - -3 - -6 - -5 - 3.
-3
What is -1 - (2 + 9 + (0 - 4))?
-8
What is the value of 4 + -6 + 1 - (-3 + -2)?
4
Evaluate 10 + -2 + (-9 - -5).
4
What is (-10 - (-7 - -2)) + -1 + 5?
-1
-2 + -4 - -10 - 9
-5
Evaluate -269 + 275 - (0 + 0 + -3).
9
What is 6 - (2 + -3 + 1)?
6
What is the value of -2 + (4 - 11) - (-10 + 3)?
-2
What is the value of 0 - (-8 + 3) - 4?
1
What is -2 - -12 - 6 - 1?
3
Evaluate (-3 + 9 - 1) + (-17 - -11).
-1
What is 2 + 4 + -4 - (2 + -2)?
2
Evaluate -2 + (-6 - -6) - (2 + 1).
-5
What is the value of (0 - 0 - (2 - 1)) + -4?
-5
Calculate 2 + -6 + (-4 - -8).
0
Evaluate 1 - 2 - (-8 - -4).
3
Evaluate 10 + (1 - -10 - 15).
6
0 + -9 - (11 + -17)
-3
What is the value of -2 - -5 - (1 + 10 - 9)?
1
What is 5 - 7 - (3 + -2 + 2)?
-5
What is -3 - (0 - (3 + -1 + 0))?
-1
Calculate (-5 - -3 - -8) + (17 - 30).
-7
Calculate (0 - (-2 + (6 - 6))) + -6.
-4
2 + -1 + (-2 - 0)
-1
What is the value of (0 - -2) + 2 - (15 + -10)?
-1
Calculate (6 - (-2 - -2)) + (161 - 172).
-5
What is 4 - (5 + 0 - 4)?
3
What is the value of 8 - (4 + -9 - -8)?
5
Evaluate (-11 - 1 - -7) + 9.
4
What is (2 - (-3 + 7)) + -1 + 4?
1
-7 - -10 - (10 + -2)
-5
What is 3 - (8 + 13 + -14)?
-4
-7 - (1 - (-2 - -6))
-4
(-40 - -36) + 0 + 5
1
Calculate -3 + (-3 - (2 + -7)).
-1
Calculate 7 + -4 - (6 - (7 + -5)).
-1
Evaluate 3 + 0 - 5 - -2.
0
What is 8 - 8 - (0 + -1 + 1)?
0
Calculate -9 - (-10 - (-4 + -1)).
-4
Calculate (-10 - -7 - -11) + -2.
6
What is the value of (-4 + 8 - -2) + (-13 - -2)?
-5
What is 3 + 3 + -2 + 2 - 2?
4
(-14 - -8) + 2 + 7
3
Calculate 0 + -4 - (2 + -4).
-2
What is (-3 - 3 - -6) + -4?
-4
Evaluate 1 + 0 - (34 - 29).
-4
What is the value of -1 + (0 + -2 - 2)?
-5
Evaluate -10 - -13 - (2 + -2 + 2).
1
Calculate -7 - (-2 - (-3 - 2)) - -5.
-5
Evaluate 4 + 1 + -5 + 4 + 1.
5
What is the value of (12 - 16 - -1) + (1 - 5)?
-7
What is the value of -15 + 7 - (-4 + 4 - 6)?
-2
Calculate 3 + -1 + 1 + (9 - 8).
4
What is the value of -2 - ((-2 - 1) + -16 + 21)?
-4
What is the value of 4 - -3 - 2 - 4?
1
Evaluate -11 - (-33 - (10 - 22)).
10
Calculate -4 + (2 + -4 + 3 - 2).
-5
What is the value of -2 + 1 - 3 - -3?
-1
-1 + 3 + 1 + -3
0
What is the value of -3 + -1 + (4 - -1)?
1
Evaluate 6 + (8 - -3 - 22).
-5
Evaluate -6 + -4 + -1 + -2 - -5.
-8
Calculate 0 + (5 - (4 + -3 - -2)).
2
Evaluate (0 - 0) + (-5 - -4 - -6).
5
Calculate (3 - -1 - -1) + -7.
-2
-1 - (9 + -4 + -3)
-3
-1 + 0 - (9 - 12)
2
What is -2 + 2 + 1 + (-3 - 1)?
-3
What is 3 - (-2 + 0 + 0)?
5
Calculate -4 - (-5 - (-5 + 4)).
0
Calculate -3 + 1 + (-3 - 0) - -7.
2
Calculate 6 + (2 - 4) - (-4 + 0).
8
What is the value of 11 + 3 - 0 - 13?
1
What is the value of -3 - -6 - -2 - 2?
3
Calculate -2 - (-8 - (-14 + 7)).
-1
What is 16 + -8 + 0 - 4?
4
1 + (4 - (-3 - -7)) + 2
3
-54 - -51 - (-5 + 0)
2
Calculate 2 + -7 - (-2 - -1).
-4
What is the value of 8 + (-3 + 7 - 8)?
4
What is -1 + 2 + (5 - (15 + -4))?
-5
0 - (5 + (-7 - -1) + -1)
2
Evaluate 6 - 15 - -6 - -2.
-1
(5 - 6 - 0) + 2
1
What is -12 - ((-2 - -1) + -11)?
0
Evaluate -4 + -3 + (1 - 0).
-6
Calculate 6 - (6 + -1 - 2).
3
What is 16 - 1 - ((16 - 9) + -1)?
9
Evaluate 4 + 2 - 3 - 5.
-2
What is 3 + (-4 - -5) + 1 + -6?
-1
What is -14 - (-9 - (8 - 9))?
-6
Evaluate 30 - 27 - (3 - 2).
2
What is the value of 1 + (-4 - (0 - 1 - 1))?
-1
Calculate -4 - (-2 + 12 + -15).
1
-11 - 1 - (34 - 41)
-5
Calculate (-5 - 0) + (4 - (-3 + 4)).
-2
Evaluate -2 - 0 - (7 - 15).
6
Evaluate (7 - (-4 - -3)) + -3 - -4.
9
What is -3 + 2 + 4 - 1?
2
What is the value of -2 + -1 - (3 + -6 + 1)?
-1
What is the value of 47 + -61 - (-6 - 1)?
-7
Calculate 4 + (-3 - -4 - 2) - 1.
2
Calculate (-1 - 0) + -2 - (-2 + 0).
-1
3 + -3 + 6 + -2 + -5
-1
8 - (0 - (-2 + 7)) - 6
7
Calculate -5 + (7 - (6 + -3)) - 3.
-4
What is 4 + (7 - 11) + 0 + 0?
0
-5 + 3 - (0 - (4 - 3))
-1
Evaluate -4 + 3 + (-4 - -13) + -1.
7
Calculate 1 - 0 - (-4 - (-6 + -2)).
-3
What is the value of -10 - -10 - (-3 - (11 + -6))?
8
What is the value of -1 - 2 - (46 + -53)?
4
Evaluate (11 - -3) + (7 - 17).
4
What is the value of (-32 - -16) + (7 - 1) + 2?
-8
What is -2 - -5 - (32 - 25)?
-4
Calculate (-5 - (-9 - 1)) + (1 - -1).
7
Calculate -6 + (0 + 0 - -2).
-4
Calculate (-9 - -6) + 10 + -2.
5
Evaluate 4 - (4 + -5) - 2.
3
(6 - 1) + (206 - 217)
-6
What is the value of 1 - (-2 + 2 + 5)?
-4
(3 - 3 - -1) + -3 + 2
0
-24 + 25